hen 1040 is divided by 116?
112
Calculate the remainder when 465 is divided by 38.
9
Calculate the remainder when 2042 is divided by 7.
5
What is the remainder when 1655 is divided by 238?
227
Calculate the remainder when 223 is divided by 12.
7
What is the remainder when 388 is divided by 8?
4
What is the remainder when 1288 is divided by 6?
4
Calculate the remainder when 948 is divided by 26.
12
Calculate the remainder when 311 is divided by 9.
5
Calculate the remainder when 566 is divided by 19.
15
Calculate the remainder when 96 is divided by 9.
6
What is the remainder when 366 is divided by 74?
70
Calculate the remainder when 31 is divided by 11.
9
What is the remainder when 1764 is divided by 24?
12
What is the remainder when 192 is divided by 66?
60
What is the remainder when 398 is divided by 7?
6
What is the remainder when 2105 is divided by 1046?
13
Calculate the remainder when 672 is divided by 3.
0
Calculate the remainder when 1545 is divided by 91.
89
What is the remainder when 131 is divided by 7?
5
Calculate the remainder when 1196 is divided by 15.
11
Calculate the remainder when 90 is divided by 17.
5
What is the remainder when 529 is divided by 130?
9
Calculate the remainder when 4129 is divided by 14.
13
What is the remainder when 295 is divided by 68?
23
Calculate the remainder when 190 is divided by 6.
4
What is the remainder when 166 is divided by 19?
14
Calculate the remainder when 649 is divided by 58.
11
What is the remainder when 90 is divided by 25?
15
What is the remainder when 75 is divided by 13?
10
What is the remainder when 431 is divided by 8?
7
Calculate the remainder when 5837 is divided by 33.
29
What is the remainder when 992 is divided by 31?
0
Calculate the remainder when 867 is divided by 11.
9
Calculate the remainder when 173 is divided by 38.
21
What is the remainder when 57 is divided by 12?
9
Calculate the remainder when 57 is divided by 16.
9
Calculate the remainder when 410 is divided by 69.
65
What is the remainder when 782 is divided by 87?
86
Calculate the remainder when 143 is divided by 44.
11
Calculate the remainder when 804 is divided by 168.
132
Calculate the remainder when 82 is divided by 18.
10
Calculate the remainder when 428 is divided by 144.
140
Calculate the remainder when 170 is divided by 89.
81
Calculate the remainder when 1010 is divided by 21.
2
Calculate the remainder when 1615 is divided by 30.
25
Calculate the remainder when 24 is divided by 15.
9
What is the remainder when 706 is divided by 187?
145
What is the remainder when 165 is divided by 14?
11
What is the remainder when 89 is divided by 47?
42
Calculate the remainder when 284 is divided by 275.
9
What is the remainder when 593 is divided by 7?
5
What is the remainder when 1016 is divided by 171?
161
Calculate the remainder when 6353 is divided by 172.
161
Calculate the remainder when 2741 is divided by 1351.
39
What is the remainder when 1365 is divided by 169?
13
What is the remainder when 99 is divided by 10?
9
Calculate the remainder when 2421 is divided by 14.
13
Calculate the remainder when 820 is divided by 219.
163
Calculate the remainder when 104 is divided by 43.
18
What is the remainder when 647 is divided by 131?
123
Calculate the remainder when 1260 is divided by 62.
20
Calculate the remainder when 102 is divided by 16.
6
What is the remainder when 801 is divided by 54?
45
Calculate the remainder when 996 is divided by 19.
8
What is the remainder when 1147 is divided by 24?
19
What is the remainder when 198 is divided by 47?
10
What is the remainder when 345 is divided by 48?
9
What is the remainder when 28 is divided by 12?
4
What is the remainder when 253 is divided by 32?
29
What is the remainder when 92 is divided by 29?
5
What is the remainder when 1296 is divided by 3?
0
Calculate the remainder when 5365 is divided by 244.
241
Calculate the remainder when 212 is divided by 59.
35
What is the remainder when 615 is divided by 201?
12
Calculate the remainder when 642 is divided by 19.
15
Calculate the remainder when 1179 is divided by 47.
4
What is the remainder when 234 is divided by 72?
18
What is the remainder when 213 is divided by 21?
3
Calculate the remainder when 152 is divided by 127.
25
What is the remainder when 270 is divided by 50?
20
What is the remainder when 6 is divided by 3?
0
What is the remainder when 5597 is divided by 5?
2
What is the remainder when 830 is divided by 117?
11
Calculate the remainder when 120 is divided by 96.
24
Calculate the remainder when 474 is divided by 95.
94
What is the remainder when 613 is divided by 22?
19
What is the remainder when 364 is divided by 117?
13
What is the remainder when 53 is divided by 27?
26
What is the remainder when 477 is divided by 120?
117
Calculate the remainder when 557 is divided by 171.
44
Calculate the remainder when 4249 is divided by 1060.
9
What is the remainder when 7641 is divided by 84?
81
Calculate the remainder when 257 is divided by 89.
79
What is the remainder when 144 is divided by 74?
70
What is the remainder when 162 is divided by 14?
8
Calculate the remainder when 101 is divided by 13.
10
What is the remainder when 799 is divided by 34?
17
Calculate the remainder when 561 is divided by 6.
3
Calculate the remainder when 298 is divided by 22.
12
What is the remainder when 36 is divided by 19?
17
Calculate the remainder when 23 is divided by 13.
10
What is the remainder when 388 is divided by 26?
24
What is the remainder when 383 is divided by 35?
33
Calculate the remainder when 1127 is divided by 1125.
2
Calculate the remainder when 60 is divided by 31.
29
Calculate the remainder when 129 is divided by 37.
18
Calculate the remainder when 1254 is divided by 1242.
12
What is the remainder when 12 is divided by 6?
0
Calculate the remainder when 990 is divided by 19.
2
What is the remainder when 321 is divided by 63?
6
Calculate the remainder when 2226 is divided by 276.
18
What is the remainder when 278 is divided by 18?
8
Calculate the remainder when 203 is divided by 9.
5
What is the remainder when 25 is divided by 22?
3
Calculate the remainder when 419 is divided by 93.
47
What is the remainder when 54535 is divided by 67?
64
Calculate the remainder when 95 is divided by 53.
42
What is the remainder when 198 is divided by 59?
21
Calculate the remainder when 349 is divided by 73.
57
What is the remainder when 257 is divided by 100?
57
What is the remainder when 55 is divided by 39?
16
What is the remainder when 127 is divided by 16?
15
What is the remainder when 132 is divided by 30?
12
What is the remainder when 10728 is divided by 34?
18
What is the remainder when 415 is divided by 135?
10
What is the remainder when 644 is divided by 157?
16
Calculate the remainder when 1039 is divided by 172.
7
Calculate the remainder when 746 is divided by 220.
86
Calculate the remainder when 252 is divided by 64.
60
What is the remainder when 64 is divided by 25?
14
What is the remainder when 11 is divided by 4?
3
What is the remainder when 1541 is divided by 32?
5
Calculate the remainder when 319 is divided by 101.
16
Calculate the remainder when 33 is divided by 19.
14
What is the remainder when 1937 is divided by 5?
2
Calculate the remainder when 2508 is divided by 169.
142
What is the remainder when 138 is divided by 20?
18
Calculate the remainder when 627 is divided by 26.
3
Calculate the remainder when 943 is divided by 78.
7
Calculate the remainder when 263 is divided by 72.
47
Calculate the remainder when 2966 is divided by 55.
51
What is the remainder when 124 is divided by 34?
22
Calculate the remainder when 1404 is divided by 74.
72
Calculate the remainder when 345 is divided by 88.
81
What is the remainder when 197 is divided by 29?
23
What is the remainder when 207 is divided by 6?
3
What is the remainder when 165 is divided by 42?
39
Calculate the remainder when 29 is divided by 10.
9
Calculate the remainder when 346 is divided by 31.
5
Calculate the remainder when 4783 is divided by 104.
103
What is the remainder when 154 is divided by 83?
71
What is the remainder when 89 is divided by 15?
14
Calculate the remainder when 3174 is divided by 20.
14
Calculate the remainder when 50 is divided by 18.
14
Calculate th